Suppose 5*l + 4*n = 16, 4*l - n = -0*l - 4. Suppose 4*j + 5*x - 313 = l, -j - 3*x + 4 = -69. What are the prime factors of j?
2, 41
Let q = -591 + 1291. What are the prime factors of q?
2, 5, 7
Let c = 0 + 3. Let k = -105 + 135. Suppose i - 2*g + 9 = k, -4*g = -c*i + 69. What are the prime factors of i?
3
Let r = -102 - -150. Let o = r + 28. Suppose -3*v = x + 22 - 84, 4*v = 2*x + o. What are the prime factors of v?
2, 5
Let g = -113 + 117. Suppose -477 = -5*m - g*c, 0*m + 5*m - 481 = -2*c. What are the prime factors of m?
97
Let o(z) = -4*z**2 + 6*z + 21. Let p be o(-8). Let k = p + 503. List the prime factors of k.
2, 5, 11
Let c be (-2660)/11 + 10/(-55). Let a = c + 367. Suppose -11*z = -6*z - a. What are the prime factors of z?
5
List the prime factors of (32/24)/(6/11385*5).
2, 11, 23
Suppose -13*f + 1601 = -1012. What are the prime factors of f?
3, 67
Let c(b) = b**2 + 16*b - 9. What are the prime factors of c(-20)?
71
Suppose 36 = 4*a - 7*a. Let s be (-3224)/a - 4/(-3). Suppose 5*w - 125 = s. What are the prime factors of w?
79
Let q(g) = g**2 - 3*g - 4. Let y be (54/4)/(-9)*4. List the prime factors of q(y).
2, 5
Let x(c) = 117*c + 86. List the prime factors of x(12).
2, 5, 149
Suppose -5*h = 2*v + 3*v, 4 = -h + v. Let y(j) = 15*j**2 + 2*j + 3. Let o(c) = 15*c**2 + c + 2. Let b(w) = 3*o(w) - 2*y(w). What are the prime factors of b(h)?
2, 31
Suppose 150 = u + 5*u. Suppose u - 137 = -2*a. List the prime factors of a.
2, 7
Suppose -f = 5*i + 2, 0 = -0*f + 5*f + i - 38. Let z = 29 - 17. Let n = z + f. List the prime factors of n.
2, 5
What are the prime factors of (-2)/22 - (-4 - 24540/110)?
227
Suppose z - 3*o = 2033, 8*o - 13*o = 3*z - 6029. List the prime factors of z.
2, 1009
What are the prime factors of -1 + (2 - 1234)/(-4)?
307
What are the prime factors of (0 - 1688/(-20))*(-6 - -16)?
2, 211
Suppose 5*t = 5*s - 25, -t + 2*s - 16 = 4*t. Let c(j) = -18*j**3 + 3*j**2 + j - 1. List the prime factors of c(t).
3, 17
Let v be (-6)/(-27) + (2840/9)/2. What are the prime factors of v/((30/(-5))/(-3))?
79
Suppose 11*h - 6*h = -25, -5*h = -4*p + 9. Let n(r) = r**3 + 4*r**2 - r - 4. Let z be n(p). Suppose z = -2*f - 6 + 70. List the prime factors of f.
2
Let z(p) = -176*p - 1. List the prime factors of z(-2).
3, 13
Let b(t) = -3*t**3 + 3*t**2 + 4*t + 2. Let a be b(-1). Suppose -a*y - z = -134, -3*y - y + 4*z + 144 = 0. What are the prime factors of y?
2, 17
Let l(a) = 3*a**3 + 4*a**2 - 10*a + 11. Let x = 61 + -58. What are the prime factors of l(x)?
2, 7
Suppose 5*a - 11631 = -3*s, -10*s + a - 7754 = -12*s. What are the prime factors of s?
3877
Let s(r) = 13*r - 2. Let m be s(-1). Let u be m/(-2) - 6/12. Suppose 5*q = -u + 247. What are the prime factors of q?
2, 3
Let p = -19 - -35. What are the prime factors of p?
2
Suppose -n = n - 0*n. What are the prime factors of (-5 + 2 - n) + (-24)/(-1)?
3, 7
Suppose -18382 = -39*g + 26273. List the prime factors of g.
5, 229
Let l(v) = -v**3 - 6*v**2 + 12*v + 8. Suppose -3*g - 5 = -2. Let c be (g + -7)*(-8 + 9). What are the prime factors of l(c)?
2, 5
Let m be (-5 + -19)*2/6. List the prime factors of 2/m - (-114)/8.
2, 7
Suppose 0 = 3*a - 4*q - 217, -4*a + 3*q + 143 = -2*a. Suppose -2*j = 2*m - 212, -3*m - j - a = -403. What are the prime factors of m?
109
Suppose 0 = -2*d - 4*o + 2026, o - 3464 = -3*d - 430. What are the prime factors of d?
3, 337
Let f(q) = 41*q**3 + 6*q**2 + 5*q - 1. Let k(t) = 42*t**3 + 5*t**2 + 4*t - 1. Let g(v) = 5*f(v) - 6*k(v). List the prime factors of g(-1).
47
Suppose 0 = 5*j - 2*m - 32, 0*m = j + 3*m - 20. Suppose -4*o = -j, -3*o - 46 = -f - 14. What are the prime factors of f?
2, 19
Let q be 4/30 - (-4766)/30. Let m = q - -29. What are the prime factors of m?
2, 47
Let z = 1516 + -1052. List the prime factors of z.
2, 29
Let h(b) = b + 10. Let w(l) be the third derivative of -l**5/60 + 3*l**4/8 + 5*l**3/3 - 5*l**2. Let f be w(10). What are the prime factors of h(f)?
2, 5
Let d(f) = -2*f - 5. Let r be d(-4). Suppose -3*b = -3*a - 39, -b + r*a + 1 = 6*a. List the prime factors of b.
2, 5
Let d = -22 + 25. Suppose -55 = -2*y + d. List the prime factors of y.
29
Let n = 1543 + -894. List the prime factors of n.
11, 59
Suppose t + 0*f = -5*f + 22, 0 = 5*t - 3*f - 26. Suppose -12*x + 65 = -t*x. List the prime factors of x.
13
Suppose 0 = 12*w - 10*w + 4. Let s be w*(-4)/(-24)*-12. Let u(p) = 5*p**2 - 5*p - 3. What are the prime factors of u(s)?
3, 19
Let p(v) = 2*v + v + 9*v - 5. Let r be (10/(-4) - -1)*64/(-24). List the prime factors of p(r).
43
Suppose 5*s + 28 = 4*x, -x - 2*x + s = -10. Suppose x*d = 7 + 3. What are the prime factors of 2 - 1 - (-21 + d)?
17
Suppose -x - 617 = -4*h - h, -5*x + 15 = 0. List the prime factors of h.
2, 31
Let r = -5 + 3. Let y be ((-3)/6 - 0)*r. Let q(o) = 15*o**3 + o**2 + o - 1. What are the prime factors of q(y)?
2
Let a(r) = 47*r - 5. Let d be a(2). Suppose -u = -2*h - d, -4*h - 15 = 1. What are the prime factors of u?
3
Let o = 296 + -556. What are the prime factors of (-60100)/o + (-2)/13?
3, 7, 11
Let r(l) = l**2 + 8*l + 4. Let q be r(-14). Let g = q + -13. List the prime factors of g.
3, 5
Let t(q) = -4*q**3 - 12*q**2 + 10*q + 1. List the prime factors of t(-9).
5, 7, 53
Suppose 9*y - 6697 - 8504 = 0. List the prime factors of y.
3, 563
Let o = -148 + 264. Suppose -6*u + 5*u - 3*b = -o, -4*b + 238 = 2*u. What are the prime factors of u?
5
Let s(j) = j**2 - 1. Let v be s(8). Suppose 0 = 7*n + v - 945. What are the prime factors of n?
2, 3, 7
Let m = 4223 - 2901. What are the prime factors of m?
2, 661
Let x(b) = -2*b**3 + 53*b**2 + 33*b - 19. List the prime factors of x(27).
11, 13
Suppose -2*s - j + 368 = -s, 1478 = 4*s - 2*j. List the prime factors of s.
3, 41
Let g = -450 + 915. Let v = -271 + g. What are the prime factors of v?
2, 97
Suppose 90*w = 102*w - 19500. List the prime factors of w.
5, 13
Let t be (7 - 4 - 1) + 34. Let v = -2 - -5. Suppose 2*x = -v*h + t, 5*x - h = -18 + 91. List the prime factors of x.
3, 5
Let t = 49 + -44. Suppose 2*n + 764 = t*m - 2*n, n = -3*m + 472. What are the prime factors of m?
2, 3, 13
Let x = 5166 + -2356. List the prime factors of x.
2, 5, 281
Suppose 0 = -4*y + 16, 2*y - 3 + 11 = 4*o. Suppose w + 3*a - 3 = 0, o*w - a - 12 = a. Suppose 5*g - 25 = 0, 2*t + w*g - 36 = g. What are the prime factors of t?
13
Let r be 1*75*36/90. Suppose -3*b + r = -75. Suppose 5*g - b = 10. List the prime factors of g.
3
What are the prime factors of (-1 + (-966)/24)*8/(-3)?
2, 5, 11
Suppose 4*k - 5043 = -3*r, -r + 1245 = 4*k - 428. What are the prime factors of r?
5, 337
Let q(m) = m**2 + 16*m + 67. Let d be q(-9). Let r(x) = 4*x**3 - 5*x**2 + 8*x - 14. List the prime factors of r(d).
2, 97
Let y(z) = 82*z - 130. What are the prime factors of y(7)?
2, 3, 37
Let m = 69 + -73. Let g = 6 - 3. List the prime factors of (g - 7/2)*m.
2
Let u = 5256 - 2757. What are the prime factors of u?
3, 7, 17
Suppose 18*o + 3*m = 19*o - 278, -5*m - 551 = -2*o. What are the prime factors of o?
263
Let x = 20 + 45. What are the prime factors of 3910/x - (-6)/(-39)?
2, 3, 5
Let f be (-4)/14 - 370/(-70). Suppose -f*u + 13 = 88. Let c = 24 - u. List the prime factors of c.
3, 13
Suppose m = -3*m + 12. Suppose -m*b + 62 + 15 = 2*l, -44 = -2*b - 5*l. List the prime factors of b.
3
What are the prime factors of (-7)/((-7)/(-3)) - -582?
3, 193
Let w(u) = -5*u + 41. Let a be w(-13). List the prime factors of (a/(-7))/(6/(-42)).
2, 53
Let n = -569 + 806. List the prime factors of n.
3, 79
Suppose -3*j = -433 - 80. List the prime factors of j.
3, 19
Let v be (-4)/(-28) - 39/(-21). Suppose 3*o - 104 = -v*u + 17, u + 2*o = 59. List the prime factors of u.
5, 13
Let h(g) = -243*g - 156. What are the prime factors of h(-9)?
3, 677
Let j(k) = k - 7*k - 14 + 19. Let d be j(-6). Let o = d - 23. What are the prime factors of o?
2, 3
Let b = 3259 - 1948. What are the prime factors of b?
3, 19, 23
Let r(n) = n**3 + 4*n**2 + 2*n + 7. Let m be r(-7). Let o = -83 - m. List the prime factors of o.
71
Suppose 3*v - 2*v = 2. Let h be ((-3)/(-2))/(v/8). Let z(a) = a**3 - 5*a**2 - 5*a + 4. List the prime factors of z(h).
2, 5
Let g(k) = 404*k + 8. Let r be g(2). Suppose -r = a - 7*a. What are the prime factors of a?
2, 17
Suppose s + 9 = -2*s. Let a(t) = 